{"id":56,"date":"2017-08-17T10:26:20","date_gmt":"2017-08-17T10:26:20","guid":{"rendered":"http:\/\/demo.themefreesia.com\/idyllic-creative-agency\/?page_id=56"},"modified":"2020-12-08T14:39:05","modified_gmt":"2020-12-08T11:39:05","slug":"awesome-features","status":"publish","type":"page","link":"https:\/\/turkelli.com\/wordpress\/frontpage-feature\/awesome-features\/","title":{"rendered":"Nural Emiro\u011flu: \u0130nsanlar\u0131m\u0131z"},"content":{"rendered":"<p>Bu fotograflar y\u0131llar i\u00e7inde biriktiler.<!--more--><\/p>\n<p>Birikmeye devam edecekler. Daha \u00e7ekece\u011fim fotograflar var. Siz de \u00e7ekin g\u00f6nderin. Yerimiz var.<\/p>\n\n<figure id=\"happyfiles-gallery-i84x4w\" class=\"happyfiles-gallery lightbox\"><ul class=\"crop\" data-col=\"3\"><li class=\"item\" data-src=\"https:\/\/turkelli.com\/wordpress\/wp-content\/uploads\/nural-insanlar-010.jpg\"><figure><img loading=\"lazy\" decoding=\"async\" width=\"790\" height=\"444\" src=\"https:\/\/turkelli.com\/wordpress\/wp-content\/uploads\/nural-insanlar-010.jpg\" class=\"attachment-large size-large\" alt=\"\" srcset=\"https:\/\/turkelli.com\/wordpress\/wp-content\/uploads\/nural-insanlar-010.jpg 800w, https:\/\/turkelli.com\/wordpress\/wp-content\/uploads\/nural-insanlar-010-300x169.jpg 300w, https:\/\/turkelli.com\/wordpress\/wp-content\/uploads\/nural-insanlar-010-768x432.jpg 768w\" sizes=\"auto, (max-width: 790px) 100vw, 790px\" \/><\/figure><\/li><li class=\"item\" data-src=\"https:\/\/turkelli.com\/wordpress\/wp-content\/uploads\/nural-insanlar-009.jpg\"><figure><img loading=\"lazy\" decoding=\"async\" width=\"790\" height=\"444\" src=\"https:\/\/turkelli.com\/wordpress\/wp-content\/uploads\/nural-insanlar-009.jpg\" class=\"attachment-large size-large\" alt=\"\" srcset=\"https:\/\/turkelli.com\/wordpress\/wp-content\/uploads\/nural-insanlar-009.jpg 800w, https:\/\/turkelli.com\/wordpress\/wp-content\/uploads\/nural-insanlar-009-300x169.jpg 300w, https:\/\/turkelli.com\/wordpress\/wp-content\/uploads\/nural-insanlar-009-768x432.jpg 768w\" sizes=\"auto, (max-width: 790px) 100vw, 790px\" \/><\/figure><\/li><li class=\"item\" data-src=\"https:\/\/turkelli.com\/wordpress\/wp-content\/uploads\/nural-insanlar-007.jpg\"><figure><img loading=\"lazy\" decoding=\"async\" width=\"700\" height=\"525\" src=\"https:\/\/turkelli.com\/wordpress\/wp-content\/uploads\/nural-insanlar-007.jpg\" class=\"attachment-large size-large\" alt=\"\" srcset=\"https:\/\/turkelli.com\/wordpress\/wp-content\/uploads\/nural-insanlar-007.jpg 700w, https:\/\/turkelli.com\/wordpress\/wp-content\/uploads\/nural-insanlar-007-300x225.jpg 300w\" sizes=\"auto, (max-width: 700px) 100vw, 700px\" \/><\/figure><\/li><li class=\"item\" data-src=\"https:\/\/turkelli.com\/wordpress\/wp-content\/uploads\/nural-insanlar-006.jpg\"><figure><img loading=\"lazy\" decoding=\"async\" width=\"700\" height=\"525\" src=\"https:\/\/turkelli.com\/wordpress\/wp-content\/uploads\/nural-insanlar-006.jpg\" class=\"attachment-large size-large\" alt=\"\" srcset=\"https:\/\/turkelli.com\/wordpress\/wp-content\/uploads\/nural-insanlar-006.jpg 700w, https:\/\/turkelli.com\/wordpress\/wp-content\/uploads\/nural-insanlar-006-300x225.jpg 300w\" sizes=\"auto, (max-width: 700px) 100vw, 700px\" \/><\/figure><\/li><li class=\"item\" data-src=\"https:\/\/turkelli.com\/wordpress\/wp-content\/uploads\/nural-insanlar-005.jpg\"><figure><img loading=\"lazy\" decoding=\"async\" width=\"700\" height=\"525\" src=\"https:\/\/turkelli.com\/wordpress\/wp-content\/uploads\/nural-insanlar-005.jpg\" class=\"attachment-large size-large\" alt=\"\" srcset=\"https:\/\/turkelli.com\/wordpress\/wp-content\/uploads\/nural-insanlar-005.jpg 700w, https:\/\/turkelli.com\/wordpress\/wp-content\/uploads\/nural-insanlar-005-300x225.jpg 300w\" sizes=\"auto, (max-width: 700px) 100vw, 700px\" \/><\/figure><\/li><li class=\"item\" data-src=\"https:\/\/turkelli.com\/wordpress\/wp-content\/uploads\/nural-insanlar-004.jpg\"><figure><img loading=\"lazy\" decoding=\"async\" width=\"700\" height=\"525\" src=\"https:\/\/turkelli.com\/wordpress\/wp-content\/uploads\/nural-insanlar-004.jpg\" class=\"attachment-large size-large\" alt=\"\" srcset=\"https:\/\/turkelli.com\/wordpress\/wp-content\/uploads\/nural-insanlar-004.jpg 700w, https:\/\/turkelli.com\/wordpress\/wp-content\/uploads\/nural-insanlar-004-300x225.jpg 300w\" sizes=\"auto, (max-width: 700px) 100vw, 700px\" \/><\/figure><\/li><li class=\"item\" data-src=\"https:\/\/turkelli.com\/wordpress\/wp-content\/uploads\/nural-insanlar-003.jpg\"><figure><img loading=\"lazy\" decoding=\"async\" width=\"700\" height=\"525\" src=\"https:\/\/turkelli.com\/wordpress\/wp-content\/uploads\/nural-insanlar-003.jpg\" class=\"attachment-large size-large\" alt=\"\" srcset=\"https:\/\/turkelli.com\/wordpress\/wp-content\/uploads\/nural-insanlar-003.jpg 700w, https:\/\/turkelli.com\/wordpress\/wp-content\/uploads\/nural-insanlar-003-300x225.jpg 300w\" sizes=\"auto, (max-width: 700px) 100vw, 700px\" \/><\/figure><\/li><li class=\"item\" data-src=\"https:\/\/turkelli.com\/wordpress\/wp-content\/uploads\/nural-insanlar-002.jpg\"><figure><img loading=\"lazy\" decoding=\"async\" width=\"700\" height=\"525\" src=\"https:\/\/turkelli.com\/wordpress\/wp-content\/uploads\/nural-insanlar-002.jpg\" class=\"attachment-large size-large\" alt=\"\" srcset=\"https:\/\/turkelli.com\/wordpress\/wp-content\/uploads\/nural-insanlar-002.jpg 700w, https:\/\/turkelli.com\/wordpress\/wp-content\/uploads\/nural-insanlar-002-300x225.jpg 300w\" sizes=\"auto, (max-width: 700px) 100vw, 700px\" \/><\/figure><\/li><li class=\"item\" data-src=\"https:\/\/turkelli.com\/wordpress\/wp-content\/uploads\/nural-insanlar-001.jpg\"><figure><img loading=\"lazy\" decoding=\"async\" width=\"700\" height=\"525\" src=\"https:\/\/turkelli.com\/wordpress\/wp-content\/uploads\/nural-insanlar-001.jpg\" class=\"attachment-large size-large\" alt=\"\" srcset=\"https:\/\/turkelli.com\/wordpress\/wp-content\/uploads\/nural-insanlar-001.jpg 700w, https:\/\/turkelli.com\/wordpress\/wp-content\/uploads\/nural-insanlar-001-300x225.jpg 300w\" sizes=\"auto, (max-width: 700px) 100vw, 700px\" \/><\/figure><\/li><li class=\"item\" data-src=\"https:\/\/turkelli.com\/wordpress\/wp-content\/uploads\/nural-insanlar-00.jpg\"><figure><img loading=\"lazy\" decoding=\"async\" width=\"700\" height=\"525\" src=\"https:\/\/turkelli.com\/wordpress\/wp-content\/uploads\/nural-insanlar-00.jpg\" class=\"attachment-large size-large\" alt=\"\" srcset=\"https:\/\/turkelli.com\/wordpress\/wp-content\/uploads\/nural-insanlar-00.jpg 700w, https:\/\/turkelli.com\/wordpress\/wp-content\/uploads\/nural-insanlar-00-300x225.jpg 300w\" sizes=\"auto, (max-width: 700px) 100vw, 700px\" \/><\/figure><\/li><li class=\"item\" data-src=\"https:\/\/turkelli.com\/wordpress\/wp-content\/uploads\/nural-insanlar-033.jpg\"><figure><img loading=\"lazy\" decoding=\"async\" width=\"450\" height=\"800\" src=\"https:\/\/turkelli.com\/wordpress\/wp-content\/uploads\/nural-insanlar-033.jpg\" class=\"attachment-large size-large\" alt=\"\" srcset=\"https:\/\/turkelli.com\/wordpress\/wp-content\/uploads\/nural-insanlar-033.jpg 450w, https:\/\/turkelli.com\/wordpress\/wp-content\/uploads\/nural-insanlar-033-169x300.jpg 169w\" sizes=\"auto, (max-width: 450px) 100vw, 450px\" \/><\/figure><\/li><li class=\"item\" data-src=\"https:\/\/turkelli.com\/wordpress\/wp-content\/uploads\/nural-insanlar-032.jpg\"><figure><img loading=\"lazy\" decoding=\"async\" width=\"450\" height=\"800\" src=\"https:\/\/turkelli.com\/wordpress\/wp-content\/uploads\/nural-insanlar-032.jpg\" class=\"attachment-large size-large\" alt=\"\" srcset=\"https:\/\/turkelli.com\/wordpress\/wp-content\/uploads\/nural-insanlar-032.jpg 450w, https:\/\/turkelli.com\/wordpress\/wp-content\/uploads\/nural-insanlar-032-169x300.jpg 169w\" sizes=\"auto, (max-width: 450px) 100vw, 450px\" \/><\/figure><\/li><li class=\"item\" data-src=\"https:\/\/turkelli.com\/wordpress\/wp-content\/uploads\/nural-insanlar-031.jpg\"><figure><img loading=\"lazy\" decoding=\"async\" width=\"450\" height=\"800\" src=\"https:\/\/turkelli.com\/wordpress\/wp-content\/uploads\/nural-insanlar-031.jpg\" class=\"attachment-large size-large\" alt=\"\" srcset=\"https:\/\/turkelli.com\/wordpress\/wp-content\/uploads\/nural-insanlar-031.jpg 450w, https:\/\/turkelli.com\/wordpress\/wp-content\/uploads\/nural-insanlar-031-169x300.jpg 169w\" sizes=\"auto, (max-width: 450px) 100vw, 450px\" \/><\/figure><\/li><li class=\"item\" data-src=\"https:\/\/turkelli.com\/wordpress\/wp-content\/uploads\/nural-insanlar-030.jpg\"><figure><img loading=\"lazy\" decoding=\"async\" width=\"450\" height=\"800\" src=\"https:\/\/turkelli.com\/wordpress\/wp-content\/uploads\/nural-insanlar-030.jpg\" class=\"attachment-large size-large\" alt=\"\" srcset=\"https:\/\/turkelli.com\/wordpress\/wp-content\/uploads\/nural-insanlar-030.jpg 450w, https:\/\/turkelli.com\/wordpress\/wp-content\/uploads\/nural-insanlar-030-169x300.jpg 169w\" sizes=\"auto, (max-width: 450px) 100vw, 450px\" \/><\/figure><\/li><li class=\"item\" data-src=\"https:\/\/turkelli.com\/wordpress\/wp-content\/uploads\/nural-insanlar-029.jpg\"><figure><img loading=\"lazy\" decoding=\"async\" width=\"394\" height=\"525\" src=\"https:\/\/turkelli.com\/wordpress\/wp-content\/uploads\/nural-insanlar-029.jpg\" class=\"attachment-large size-large\" alt=\"\" srcset=\"https:\/\/turkelli.com\/wordpress\/wp-content\/uploads\/nural-insanlar-029.jpg 394w, https:\/\/turkelli.com\/wordpress\/wp-content\/uploads\/nural-insanlar-029-225x300.jpg 225w\" sizes=\"auto, (max-width: 394px) 100vw, 394px\" \/><\/figure><\/li><li class=\"item\" data-src=\"https:\/\/turkelli.com\/wordpress\/wp-content\/uploads\/nural-insanlar-028.jpg\"><figure><img loading=\"lazy\" decoding=\"async\" width=\"450\" height=\"800\" src=\"https:\/\/turkelli.com\/wordpress\/wp-content\/uploads\/nural-insanlar-028.jpg\" class=\"attachment-large size-large\" alt=\"\" srcset=\"https:\/\/turkelli.com\/wordpress\/wp-content\/uploads\/nural-insanlar-028.jpg 450w, https:\/\/turkelli.com\/wordpress\/wp-content\/uploads\/nural-insanlar-028-169x300.jpg 169w\" sizes=\"auto, (max-width: 450px) 100vw, 450px\" \/><\/figure><\/li><li class=\"item\" data-src=\"https:\/\/turkelli.com\/wordpress\/wp-content\/uploads\/nural-insanlar-027.jpg\"><figure><img loading=\"lazy\" decoding=\"async\" width=\"394\" height=\"525\" src=\"https:\/\/turkelli.com\/wordpress\/wp-content\/uploads\/nural-insanlar-027.jpg\" class=\"attachment-large size-large\" alt=\"\" srcset=\"https:\/\/turkelli.com\/wordpress\/wp-content\/uploads\/nural-insanlar-027.jpg 394w, https:\/\/turkelli.com\/wordpress\/wp-content\/uploads\/nural-insanlar-027-225x300.jpg 225w\" sizes=\"auto, (max-width: 394px) 100vw, 394px\" \/><\/figure><\/li><li class=\"item\" data-src=\"https:\/\/turkelli.com\/wordpress\/wp-content\/uploads\/nural-insanlar-026.jpg\"><figure><img loading=\"lazy\" decoding=\"async\" width=\"450\" height=\"800\" src=\"https:\/\/turkelli.com\/wordpress\/wp-content\/uploads\/nural-insanlar-026.jpg\" class=\"attachment-large size-large\" alt=\"\" srcset=\"https:\/\/turkelli.com\/wordpress\/wp-content\/uploads\/nural-insanlar-026.jpg 450w, https:\/\/turkelli.com\/wordpress\/wp-content\/uploads\/nural-insanlar-026-169x300.jpg 169w\" sizes=\"auto, (max-width: 450px) 100vw, 450px\" \/><\/figure><\/li><li class=\"item\" data-src=\"https:\/\/turkelli.com\/wordpress\/wp-content\/uploads\/nural-insanlar-025.jpg\"><figure><img loading=\"lazy\" decoding=\"async\" width=\"394\" height=\"525\" src=\"https:\/\/turkelli.com\/wordpress\/wp-content\/uploads\/nural-insanlar-025.jpg\" class=\"attachment-large size-large\" alt=\"\" srcset=\"https:\/\/turkelli.com\/wordpress\/wp-content\/uploads\/nural-insanlar-025.jpg 394w, https:\/\/turkelli.com\/wordpress\/wp-content\/uploads\/nural-insanlar-025-225x300.jpg 225w\" sizes=\"auto, (max-width: 394px) 100vw, 394px\" \/><\/figure><\/li><li class=\"item\" data-src=\"https:\/\/turkelli.com\/wordpress\/wp-content\/uploads\/nural-insanlar-024.jpg\"><figure><img loading=\"lazy\" decoding=\"async\" width=\"394\" height=\"525\" src=\"https:\/\/turkelli.com\/wordpress\/wp-content\/uploads\/nural-insanlar-024.jpg\" class=\"attachment-large size-large\" alt=\"\" srcset=\"https:\/\/turkelli.com\/wordpress\/wp-content\/uploads\/nural-insanlar-024.jpg 394w, https:\/\/turkelli.com\/wordpress\/wp-content\/uploads\/nural-insanlar-024-225x300.jpg 225w\" sizes=\"auto, (max-width: 394px) 100vw, 394px\" \/><\/figure><\/li><li class=\"item\" data-src=\"https:\/\/turkelli.com\/wordpress\/wp-content\/uploads\/nural-insanlar-023.jpg\"><figure><img loading=\"lazy\" decoding=\"async\" width=\"394\" height=\"525\" src=\"https:\/\/turkelli.com\/wordpress\/wp-content\/uploads\/nural-insanlar-023.jpg\" class=\"attachment-large size-large\" alt=\"\" srcset=\"https:\/\/turkelli.com\/wordpress\/wp-content\/uploads\/nural-insanlar-023.jpg 394w, https:\/\/turkelli.com\/wordpress\/wp-content\/uploads\/nural-insanlar-023-225x300.jpg 225w\" sizes=\"auto, (max-width: 394px) 100vw, 394px\" \/><\/figure><\/li><li class=\"item\" data-src=\"https:\/\/turkelli.com\/wordpress\/wp-content\/uploads\/nural-insanlar-022.jpg\"><figure><img loading=\"lazy\" decoding=\"async\" width=\"296\" height=\"525\" src=\"https:\/\/turkelli.com\/wordpress\/wp-content\/uploads\/nural-insanlar-022.jpg\" class=\"attachment-large size-large\" alt=\"\" srcset=\"https:\/\/turkelli.com\/wordpress\/wp-content\/uploads\/nural-insanlar-022.jpg 296w, https:\/\/turkelli.com\/wordpress\/wp-content\/uploads\/nural-insanlar-022-169x300.jpg 169w\" sizes=\"auto, (max-width: 296px) 100vw, 296px\" \/><\/figure><\/li><li class=\"item\" data-src=\"https:\/\/turkelli.com\/wordpress\/wp-content\/uploads\/nural-insanlar-021.jpg\"><figure><img loading=\"lazy\" decoding=\"async\" width=\"296\" height=\"525\" src=\"https:\/\/turkelli.com\/wordpress\/wp-content\/uploads\/nural-insanlar-021.jpg\" class=\"attachment-large size-large\" alt=\"\" srcset=\"https:\/\/turkelli.com\/wordpress\/wp-content\/uploads\/nural-insanlar-021.jpg 296w, https:\/\/turkelli.com\/wordpress\/wp-content\/uploads\/nural-insanlar-021-169x300.jpg 169w\" sizes=\"auto, (max-width: 296px) 100vw, 296px\" \/><\/figure><\/li><li class=\"item\" data-src=\"https:\/\/turkelli.com\/wordpress\/wp-content\/uploads\/nural-insanlar-020.jpg\"><figure><img loading=\"lazy\" decoding=\"async\" width=\"700\" height=\"394\" src=\"https:\/\/turkelli.com\/wordpress\/wp-content\/uploads\/nural-insanlar-020.jpg\" class=\"attachment-large size-large\" alt=\"\" srcset=\"https:\/\/turkelli.com\/wordpress\/wp-content\/uploads\/nural-insanlar-020.jpg 700w, https:\/\/turkelli.com\/wordpress\/wp-content\/uploads\/nural-insanlar-020-300x169.jpg 300w\" sizes=\"auto, (max-width: 700px) 100vw, 700px\" \/><\/figure><\/li><li class=\"item\" data-src=\"https:\/\/turkelli.com\/wordpress\/wp-content\/uploads\/nural-insanlar-019.jpg\"><figure><img loading=\"lazy\" decoding=\"async\" width=\"700\" height=\"394\" src=\"https:\/\/turkelli.com\/wordpress\/wp-content\/uploads\/nural-insanlar-019.jpg\" class=\"attachment-large size-large\" alt=\"\" srcset=\"https:\/\/turkelli.com\/wordpress\/wp-content\/uploads\/nural-insanlar-019.jpg 700w, https:\/\/turkelli.com\/wordpress\/wp-content\/uploads\/nural-insanlar-019-300x169.jpg 300w\" sizes=\"auto, (max-width: 700px) 100vw, 700px\" \/><\/figure><\/li><li class=\"item\" data-src=\"https:\/\/turkelli.com\/wordpress\/wp-content\/uploads\/nural-insanlar-018.jpg\"><figure><img loading=\"lazy\" decoding=\"async\" width=\"700\" height=\"394\" src=\"https:\/\/turkelli.com\/wordpress\/wp-content\/uploads\/nural-insanlar-018.jpg\" class=\"attachment-large size-large\" alt=\"\" srcset=\"https:\/\/turkelli.com\/wordpress\/wp-content\/uploads\/nural-insanlar-018.jpg 700w, https:\/\/turkelli.com\/wordpress\/wp-content\/uploads\/nural-insanlar-018-300x169.jpg 300w\" sizes=\"auto, (max-width: 700px) 100vw, 700px\" \/><\/figure><\/li><li class=\"item\" data-src=\"https:\/\/turkelli.com\/wordpress\/wp-content\/uploads\/nural-insanlar-017.jpg\"><figure><img loading=\"lazy\" decoding=\"async\" width=\"790\" height=\"445\" src=\"https:\/\/turkelli.com\/wordpress\/wp-content\/uploads\/nural-insanlar-017.jpg\" class=\"attachment-large size-large\" alt=\"\" srcset=\"https:\/\/turkelli.com\/wordpress\/wp-content\/uploads\/nural-insanlar-017.jpg 1276w, https:\/\/turkelli.com\/wordpress\/wp-content\/uploads\/nural-insanlar-017-300x169.jpg 300w, https:\/\/turkelli.com\/wordpress\/wp-content\/uploads\/nural-insanlar-017-768x432.jpg 768w\" sizes=\"auto, (max-width: 790px) 100vw, 790px\" \/><\/figure><\/li><li class=\"item\" data-src=\"https:\/\/turkelli.com\/wordpress\/wp-content\/uploads\/nural-insanlar-016.jpg\"><figure><img loading=\"lazy\" decoding=\"async\" width=\"790\" height=\"526\" src=\"https:\/\/turkelli.com\/wordpress\/wp-content\/uploads\/nural-insanlar-016.jpg\" class=\"attachment-large size-large\" alt=\"\" srcset=\"https:\/\/turkelli.com\/wordpress\/wp-content\/uploads\/nural-insanlar-016.jpg 851w, https:\/\/turkelli.com\/wordpress\/wp-content\/uploads\/nural-insanlar-016-300x200.jpg 300w, https:\/\/turkelli.com\/wordpress\/wp-content\/uploads\/nural-insanlar-016-768x512.jpg 768w\" sizes=\"auto, (max-width: 790px) 100vw, 790px\" \/><\/figure><\/li><li class=\"item\" data-src=\"https:\/\/turkelli.com\/wordpress\/wp-content\/uploads\/nural-insanlar-015.jpg\"><figure><img loading=\"lazy\" decoding=\"async\" width=\"790\" height=\"444\" src=\"https:\/\/turkelli.com\/wordpress\/wp-content\/uploads\/nural-insanlar-015.jpg\" class=\"attachment-large size-large\" alt=\"\" srcset=\"https:\/\/turkelli.com\/wordpress\/wp-content\/uploads\/nural-insanlar-015.jpg 800w, https:\/\/turkelli.com\/wordpress\/wp-content\/uploads\/nural-insanlar-015-300x169.jpg 300w, https:\/\/turkelli.com\/wordpress\/wp-content\/uploads\/nural-insanlar-015-768x432.jpg 768w\" sizes=\"auto, (max-width: 790px) 100vw, 790px\" \/><\/figure><\/li><li class=\"item\" data-src=\"https:\/\/turkelli.com\/wordpress\/wp-content\/uploads\/nural-insanlar-014.jpg\"><figure><img loading=\"lazy\" decoding=\"async\" width=\"790\" height=\"444\" src=\"https:\/\/turkelli.com\/wordpress\/wp-content\/uploads\/nural-insanlar-014.jpg\" class=\"attachment-large size-large\" alt=\"\" srcset=\"https:\/\/turkelli.com\/wordpress\/wp-content\/uploads\/nural-insanlar-014.jpg 800w, https:\/\/turkelli.com\/wordpress\/wp-content\/uploads\/nural-insanlar-014-300x169.jpg 300w, https:\/\/turkelli.com\/wordpress\/wp-content\/uploads\/nural-insanlar-014-768x432.jpg 768w\" sizes=\"auto, (max-width: 790px) 100vw, 790px\" \/><\/figure><\/li><li class=\"item\" data-src=\"https:\/\/turkelli.com\/wordpress\/wp-content\/uploads\/nural-insanlar-013.jpg\"><figure><img loading=\"lazy\" decoding=\"async\" width=\"790\" height=\"444\" src=\"https:\/\/turkelli.com\/wordpress\/wp-content\/uploads\/nural-insanlar-013.jpg\" class=\"attachment-large size-large\" alt=\"\" srcset=\"https:\/\/turkelli.com\/wordpress\/wp-content\/uploads\/nural-insanlar-013.jpg 800w, https:\/\/turkelli.com\/wordpress\/wp-content\/uploads\/nural-insanlar-013-300x169.jpg 300w, https:\/\/turkelli.com\/wordpress\/wp-content\/uploads\/nural-insanlar-013-768x432.jpg 768w\" sizes=\"auto, (max-width: 790px) 100vw, 790px\" \/><\/figure><\/li><li class=\"item\" data-src=\"https:\/\/turkelli.com\/wordpress\/wp-content\/uploads\/nural-insanlar-012.jpg\"><figure><img loading=\"lazy\" decoding=\"async\" width=\"790\" height=\"444\" src=\"https:\/\/turkelli.com\/wordpress\/wp-content\/uploads\/nural-insanlar-012.jpg\" class=\"attachment-large size-large\" alt=\"\" srcset=\"https:\/\/turkelli.com\/wordpress\/wp-content\/uploads\/nural-insanlar-012.jpg 800w, https:\/\/turkelli.com\/wordpress\/wp-content\/uploads\/nural-insanlar-012-300x169.jpg 300w, https:\/\/turkelli.com\/wordpress\/wp-content\/uploads\/nural-insanlar-012-768x432.jpg 768w\" sizes=\"auto, (max-width: 790px) 100vw, 790px\" \/><\/figure><\/li><li class=\"item\" data-src=\"https:\/\/turkelli.com\/wordpress\/wp-content\/uploads\/nural-insanlar-011.jpg\"><figure><img loading=\"lazy\" decoding=\"async\" width=\"790\" height=\"444\" src=\"https:\/\/turkelli.com\/wordpress\/wp-content\/uploads\/nural-insanlar-011.jpg\" class=\"attachment-large size-large\" alt=\"\" srcset=\"https:\/\/turkelli.com\/wordpress\/wp-content\/uploads\/nural-insanlar-011.jpg 800w, https:\/\/turkelli.com\/wordpress\/wp-content\/uploads\/nural-insanlar-011-300x169.jpg 300w, https:\/\/turkelli.com\/wordpress\/wp-content\/uploads\/nural-insanlar-011-768x432.jpg 768w\" sizes=\"auto, (max-width: 790px) 100vw, 790px\" \/><\/figure><\/li><\/ul><\/figure>","protected":false},"excerpt":{"rendered":"<p>Bu fotograflar y\u0131llar i\u00e7inde biriktiler.<\/p>\n","protected":false},"author":1,"featured_media":975,"parent":54,"menu_order":0,"comment_status":"closed","ping_status":"closed","template":"","meta":{"footnotes":""},"hf_cat_page":[],"class_list":["post-56","page","type-page","status-publish","has-post-thumbnail","hentry"],"_links":{"self":[{"href":"https:\/\/turkelli.com\/wordpress\/wp-json\/wp\/v2\/pages\/56","targetHints":{"allow":["GET"]}}],"collection":[{"href":"https:\/\/turkelli.com\/wordpress\/wp-json\/wp\/v2\/pages"}],"about":[{"href":"https:\/\/turkelli.com\/wordpress\/wp-json\/wp\/v2\/types\/page"}],"author":[{"embeddable":true,"href":"https:\/\/turkelli.com\/wordpress\/wp-json\/wp\/v2\/users\/1"}],"replies":[{"embeddable":true,"href":"https:\/\/turkelli.com\/wordpress\/wp-json\/wp\/v2\/comments?post=56"}],"version-history":[{"count":2,"href":"https:\/\/turkelli.com\/wordpress\/wp-json\/wp\/v2\/pages\/56\/revisions"}],"predecessor-version":[{"id":922,"href":"https:\/\/turkelli.com\/wordpress\/wp-json\/wp\/v2\/pages\/56\/revisions\/922"}],"up":[{"embeddable":true,"href":"https:\/\/turkelli.com\/wordpress\/wp-json\/wp\/v2\/pages\/54"}],"wp:featuredmedia":[{"embeddable":true,"href":"https:\/\/turkelli.com\/wordpress\/wp-json\/wp\/v2\/media\/975"}],"wp:attachment":[{"href":"https:\/\/turkelli.com\/wordpress\/wp-json\/wp\/v2\/media?parent=56"}],"wp:term":[{"taxonomy":"hf_cat_page","embeddable":true,"href":"https:\/\/turkelli.com\/wordpress\/wp-json\/wp\/v2\/hf_cat_page?post=56"}],"curies":[{"name":"wp","href":"https:\/\/api.w.org\/{rel}","templated":true}]}}