{"id":145,"date":"2017-08-17T12:30:45","date_gmt":"2017-08-17T12:30:45","guid":{"rendered":"http:\/\/demo.themefreesia.com\/idyllic-creative-agency\/?page_id=145"},"modified":"2021-02-17T12:15:43","modified_gmt":"2021-02-17T09:15:43","slug":"something-you-love","status":"publish","type":"page","link":"https:\/\/turkelli.com\/wordpress\/out-team\/something-you-love\/","title":{"rendered":"\u015eakir Sa\u011flam"},"content":{"rendered":"\n<p><strong>+90 (552) 200 5532<\/strong><\/p>\n\n\n<p><!--more--><\/p>\n<p>Bu sitenin mimar\u0131 Orhan \u00d6zdemir.<\/p>\n<p>\u00dccretsiz \u00e7al\u0131\u015fan\u0131 \u015eakir Sa\u011flam.<\/p>\n<p>Ekip ba\u015f\u0131 Nural Emiro\u011flu.<\/p>\n<p>Ekibimiz, T\u00fcrkelli K\u00f6y\u00fc insanlar\u0131m\u0131z.<\/p>\n<p>Dile kolay, 15 y\u0131l \u00f6nce ba\u015flad\u0131\u011f\u0131m\u0131z bu yol s\u00fcr\u00fcyor. S\u00fcrecek. \u00c7\u00fcnk\u00fc; turkelli.com yavrumuz art\u0131k.<\/p>\n<p>Reklam alm\u0131yoruz. Reklama kulluk etmek istemedik. 5 milyona varan t\u0131klamayla ayl\u0131k gelirimiz bin dolar olurdu.<\/p>\n<p>\u0130lk y\u0131llarda ald\u0131k. Her alanda, her yaz\u0131 ba\u015f\u0131nda ilgisiz, ba\u015fka reklamlar g\u00f6r\u00fcn\u00fcyordu. Hatta, 100$ hak etmi\u015ftik. Onu da almadan reklam i\u015finden \u00e7\u0131kt\u0131k.<\/p>\n<p>\u0130\u015fte bu g\u00fcne ula\u015fman\u0131n zorlu\u011fu da keyfi de i\u00e7 i\u00e7e.<\/p>\n<p>T\u00fcm\u00fcn\u00fcze te\u015fekk\u00fcr ederiz.<\/p>","protected":false},"excerpt":{"rendered":"<p>+90 (552) 200 5532<\/p>\n","protected":false},"author":1,"featured_media":971,"parent":129,"menu_order":0,"comment_status":"closed","ping_status":"closed","template":"","meta":{"footnotes":""},"hf_cat_page":[],"class_list":["post-145","page","type-page","status-publish","has-post-thumbnail","hentry"],"_links":{"self":[{"href":"https:\/\/turkelli.com\/wordpress\/wp-json\/wp\/v2\/pages\/145","targetHints":{"allow":["GET"]}}],"collection":[{"href":"https:\/\/turkelli.com\/wordpress\/wp-json\/wp\/v2\/pages"}],"about":[{"href":"https:\/\/turkelli.com\/wordpress\/wp-json\/wp\/v2\/types\/page"}],"author":[{"embeddable":true,"href":"https:\/\/turkelli.com\/wordpress\/wp-json\/wp\/v2\/users\/1"}],"replies":[{"embeddable":true,"href":"https:\/\/turkelli.com\/wordpress\/wp-json\/wp\/v2\/comments?post=145"}],"version-history":[{"count":9,"href":"https:\/\/turkelli.com\/wordpress\/wp-json\/wp\/v2\/pages\/145\/revisions"}],"predecessor-version":[{"id":9160,"href":"https:\/\/turkelli.com\/wordpress\/wp-json\/wp\/v2\/pages\/145\/revisions\/9160"}],"up":[{"embeddable":true,"href":"https:\/\/turkelli.com\/wordpress\/wp-json\/wp\/v2\/pages\/129"}],"wp:featuredmedia":[{"embeddable":true,"href":"https:\/\/turkelli.com\/wordpress\/wp-json\/wp\/v2\/media\/971"}],"wp:attachment":[{"href":"https:\/\/turkelli.com\/wordpress\/wp-json\/wp\/v2\/media?parent=145"}],"wp:term":[{"taxonomy":"hf_cat_page","embeddable":true,"href":"https:\/\/turkelli.com\/wordpress\/wp-json\/wp\/v2\/hf_cat_page?post=145"}],"curies":[{"name":"wp","href":"https:\/\/api.w.org\/{rel}","templated":true}]}}